) = -4*d**2 - 6*d - d**3 + 4*d**2 + 7*d**o - d**2. Give f(4).
8
Suppose 4*s - f = 3*s - 7, -s = -2*f + 10. Let t(b) = 2*b**2 + 2*b + 4. Let u(o) = -3*o**2 - o - 5. Let r(w) = s*t(w) - 3*u(w). What is r(4)?
-5
Let a(u) = -u**3 - 4*u**2 - 2*u. Suppose 4*y + 3*s - 5 = 1, 0 = 5*y - 4*s - 23. Let l be (-1*0/3)/(16 + -18). Suppose l = 3*i - 4*i - y. What is a(i)?
-3
Let p(w) be the second derivative of -1/2*w**3 + 0 + 0*w**2 + 5*w - 1/60*w**5 + 5/24*w**4. Let z(j) be the second derivative of p(j). Give z(-5).
15
Let u(i) be the second derivative of i**4/12 + 5*i**3/6 - 25*i. Calculate u(-5).
0
Let y be -2*(3 - 28/8). Let v(o) = 3 + y + 2*o + 0*o**2 - 1 + o**3 - 4*o**2. Let j(p) = p**2 + 3*p - 1. Let m be j(-4). Give v(m).
0
Let p(v) = -7*v**2 + 4*v - 3. Let i(w) = -15*w**2 + 8*w - 6. Let y(g) = -6*i(g) + 13*p(g). Suppose 0 = -8*j + 7 + 25. Suppose 6 = -j*l + 26. Calculate y(l).
-8
Let u(j) = -120*j**2 + 119*j**2 + 5 + 2*j - 14 + 9*j. Determine u(9).
9
Let p(l) = l**2 + 10*l - 4. Let w be (-35)/(35/7) - 2. What is p(w)?
-13
Let x be 2/(-1) - 5*-1. Suppose -p - 1 = -x. Let g(r) be the first derivative of r**2/2 + 2*r + 1016. Determine g(p).
4
Suppose -2*i = 8 - 0, h - i - 8 = 0. Let a(f) = -4*f - 4*f + 6*f + h - 5. Calculate a(3).
-7
Let z(s) be the first derivative of s**3/3 + 5*s**2/2 + s + 11. Calculate z(-2).
-5
Let c(h) = h**3 + 4*h**2 + h + 2. Let v be c(-4). Let g(i) = 1 + 2 + 1 - 3 + i. Let f(l) = 3*l + 4. Let y(m) = -2*f(m) + 7*g(m). Determine y(v).
-3
Let n(g) = -3*g - 12 - 6 + 34 - 9. Calculate n(6).
-11
Let g be (-6)/(-40)*(-195)/(-351). Let t(h) be the second derivative of 1/3*h**3 - g*h**4 - 3/2*h**2 + 4*h + 0. Determine t(2).
-3
Suppose -18*z + 18 = -21*z. Let d(l) = l**3 + 5*l**2 - 6*l - 1. What is d(z)?
-1
Suppose 3 - 5 = -u + y, 0 = -u + 5*y + 18. Let t(k) = -4*k**2 - 4*k - 2. Give t(u).
-10
Let l(k) = k + 1. Let w(f) = -f**2 - 7*f + 10. Let z be w(-7). Suppose -45 = z*o - 15*o. What is l(o)?
10
Let z(l) = -l**3 - 8*l**2 + 9*l - 8. Let t be z(-9). Let n(b) = 8*b + 58. Let k be n(t). Let o(w) = w**2 + 6*w. Calculate o(k).
0
Let a(p) = -p**3 - 9*p**2 + 8*p - 20. Let c be 252/(-15) + 7 - 1/5. What is a(c)?
0
Let y(u) = u**3 + u**2 - 8. Let t(b) = -b + 21. Let z(v) = 2*v - 3. Let h be z(12). Let j be t(h). Give y(j).
-8
Let s(b) = -9*b**2 + b**3 - 2*b**3 + 75*b - 3*b**3 - 85*b - 2 + 3*b**3. Calculate s(-8).
14
Let r(b) be the third derivative of 0*b**3 + 0*b - 1/120*b**5 - 1/72*b**6 - 1/24*b**4 + 0 + 3*b**2. Let h(x) be the second derivative of r(x). Calculate h(-1).
9
Let c be -6 + 476/77 - (-26)/(-22). Let u(v) = -23*v + 5. Let o(z) = 24*z - 6. Let t(x) = 4*o(x) + 5*u(x). What is t(c)?
20
Let l(m) be the second derivative of m**3/6 - 2*m**2 - 10*m. Let p(v) = 3*v - 11. Let r(y) = 11*l(y) - 4*p(y). Determine r(-6).
6
Let k(c) = -c**3 + 26*c**2 + 10*c - 266. Let u be k(26). Let i(h) = -10*h - 57. Give i(u).
3
Suppose 22*q + 8 = -3*i + 20*q, 3*i = -3*q - 9. Let y(l) = -9*l + 3. Calculate y(i).
21
Let j(k) = -2*k**2 - 2*k + 6. Let t(y) = -2*y**2 + 30*y + 104. Let w be t(18). Give j(w).
-18
Suppose 0 = -t - 4*t + 15. Let y(q) = 0*q**2 - t*q**3 - q**2 - q**2 + 1. Let d be (-12)/(-36)*(-2 + 5). Give y(d).
-4
Let k = -299 - -304. Let m(s) = -3*s**2 + 4*s**2 - 5 + 1 - 5*s. Let w be m(k). Let o(c) = c**3 + 5*c**2 + c - 5. Calculate o(w).
7
Let t(f) = -36 - 2*f + 23 - 2*f**3 - 10*f**2 + f**3. Give t(-10).
7
Let w(n) = 8*n**2 + 5. Suppose -19 = -5*o - 9. Let r(p) = -1. Let a(q) = 1. Let g(f) = o*a(f) + r(f). Let t(u) = 6*g(u) - w(u). Determine t(-1).
-7
Let x(y) = -171*y - 10 - 173*y + 523*y - 178*y. What is x(4)?
-6
Let j(v) = 4 + 6*v + 0*v**3 + 2*v**2 + 5*v**2 + v**3. Let b(s) = -4*s + 16 - s**3 - s + 7*s - 11*s**2. Let z be b(-11). Calculate j(z).
4
Let h(n) be the first derivative of -n**7/840 + n**6/60 + n**5/15 - n**4/4 + 28*n**3/3 - 37. Let p(d) be the third derivative of h(d). Determine p(7).
1
Let r(w) be the third derivative of w**4/6 - 3*w**3/2 + 85*w**2. Give r(3).
3
Let m(q) = -17*q**2 - 4*q + 12. Let r(s) = 38*s**2 + 7*s - 26. Let h(o) = 9*m(o) + 4*r(o). Give h(-8).
4
Let y = -88 + 97. Suppose -y*l - 31 - 50 = 0. Let p(q) = q**3 + 9*q**2 - 6. Determine p(l).
-6
Let n(h) = 23*h**2 - 8*h**2 - 16*h**2 + 3*h - 21*h - 15. Calculate n(-17).
2
Let j(h) = -5*h - 3 - 8 + 29 - 4 - 10 + h**2. Give j(5).
4
Let z(j) = -6*j - 4 - 3*j + 5*j. What is z(-3)?
8
Let u = 17691 + -17692. Let y(s) be the second derivative of s**5/10 - s**3/6 + s. Give y(u).
-1
Let f(c) be the third derivative of 1/60*c**5 + 0*c + 1/6*c**3 + c**2 - 1/12*c**4 + 0. Suppose 0 = -l + 2 - 1. Calculate f(l).
0
Let k(w) = 2*w**3 - w. Let f(r) = -2*r**2 + 2*r + 8. Let z be f(-2). Let g(x) = -9*x**3 - 5*x**2 + 5*x. Let b(y) = z*k(y) - g(y). Calculate b(-5).
5
Let v(j) be the first derivative of j - 15. Let g(b) = 10*b - 4. Let q(l) = -l + 1. Let p(h) = g(h) - q(h). Let n(r) = p(r) + 6*v(r). Give n(-1).
-10
Let m(b) = 1. Let s(k) = -k + 4. Let f(c) = -4*m(c) + 2*s(c). Let q be f(0). Let t(n) be the second derivative of -n**3/2 + 2*n**2 - 5*n. What is t(q)?
-8
Suppose -2 + 6 = 2*m. Let x(z) = z - 1. Let u(k) = 12*k - 9. Let p(t) = m*u(t) - 22*x(t). Calculate p(-3).
-2
Let c(s) be the second derivative of -s**7/840 + s**6/120 - s**5/120 - s**4/12 + 2*s**3/3 + 9*s. Let u(h) be the second derivative of c(h). Calculate u(2).
0
Let c(q) = q - 7. Let a(x) = -x**2 + 5*x. Let f be a(6). Let v be (-11)/f + (-4)/(-24). Suppose 7*k - v*k = 25. What is c(k)?
-2
Let x(n) = -2*n**2 + n - 1. Let w be ((-2)/6)/(156/(-36) - -4). What is x(w)?
-2
Let m(o) = o**3 - 16*o**2 + 15*o + 3. Let g be m(15). Let w(s) = -5 + 0 - 1 - g*s. Calculate w(-4).
6
Let j(d) = -5*d**2 - 13*d + 15. Let x(h) = -2*h**2 - 6*h + 7. Let y(i) = 3*j(i) - 7*x(i). Calculate y(5).
-14
Let f(m) = 7*m + 0 - 4*m + 4 + 1 - m**2. Calculate f(4).
1
Let d(r) = 23*r - 1 - 16*r - 2 - 9*r. Give d(-3).
3
Let o(i) be the second derivative of 1/2*i**2 - 1/2*i**3 - 3*i - 2. Calculate o(1).
-2
Suppose 4*r = 5*v - 135, r + 6*v + 38 = 3*v. Let o = r - -41. Let q(c) = c - 2. Calculate q(o).
4
Let a be -2 + 1 - 1/1. Let n(j) be the first derivative of 1/4*j**4 + j + j**3 - 2 + 0*j**2. Determine n(a).
5
Let n(d) be the second derivative of -d**4/6 + 5*d**3/6 + 3*d**2/2 - 426*d. What is n(5)?
-22
Let p(o) = o - 3. Let m be p(5). Let s(g) be the first derivative of 2*g**3/3 - g**2/2 - 47. Calculate s(m).
6
Let b(p) = -p**3 - 16*p**2 - 16*p - 9. Let k(g) = -g**3 - 9*g**2 - 5*g + 9. Let x be k(-8). What is b(x)?
6
Let l(i) = -13*i - 405. Let o be l(-31). Let k(d) = -2*d**3 - d**2 + 5*d + 5. Calculate k(o).
7
Let x(d) = d + 3. Let f(n) = 5*n - 8. Let a be f(5). Let g = a - 11. Determine x(g).
9
Let j = 22 - 16. Let a(q) = -8*q - 86. Let y be a(-12). Suppose 4*h - j = y. Let d(o) = o**2 - 4*o - 5. Determine d(h).
-5
Let c be (-300)/(-125)*(-10)/(-4). Let t(g) = -7 - 3*g**2 - g - 2*g**2 - 4*g + g**3. Calculate t(c).
-1
Let s(d) be the second derivative of -7*d**3/3 + d**2/2 + 3*d - 2. Calculate s(1).
-13
Let y(z) be the first derivative of -z**3/3 - 3*z**2 + z + 171. Calculate y(-4).
9
Let s(p) be the second derivative of 0 + 1/6*p**3 + 0*p**2 + 4*p. Determine s(-7).
-7
Suppose 2*v + 0*v = 4. Let o be 5 + (0 - 2)/v. Let x(s) = -39*s + s**3 - 1311*s**2 + 1306*s**2 + 41*s + 5. Determine x(o).
-3
Suppose -2*g - 2 = -12. Let j(t) = t**2 - 4*t - 1. Give j(g).
4
Let p(d) be the third derivative of -d**6/120 - 7*d**5/60 + 3*d**4/8 + 11*d**3/6 - 21*d**2. Suppose -69 = -4*k - 101. Calculate p(k).
3
Let a(i) = -3*i**2 - 7*i - 12. Let y(v) = 11*v**2 + 22*v + 37. Let n(f) = -7*a(f) - 2*y(f). Let u(c) = -c**2 - 6*c + 7. Let o be u(-6). Determine n(o).
-4
Let k(g) = 5*g - 3. Let z(y) = 14*y - 8. Let a(s) = 8*k(s) - 3*z(s). Let f = 77 - 75. What is a(f)?
-4
Let c(h) = -h**2 + 5*h + 6. Let a = -3 + 21. Let b be 122/a + 9/((-567)/(-14)). Determine c(b).
-8
Let r(l) be the second derivative of l**5/20 + l**4/4 - l**3/6 - 2*l**2 - 118*l + 2. What is r(-3)?
-1
Let f = 2 + 8. Let p(m) = -f*m**2 - 9*m + 4 - 9 + 2*m**2 + 0*m**2 - m**3. Determine p(-7).
9
Let j(c) = -3*c - 5*c + 0 + 2 + 5*c. Give j(5).
-13
Let j(u) = -u**2 - 18*u - 25. Let w(v) = -3*v - 110. Let n be w(-31). Determine j(n).
-8
Let v(f) = 2*f - 19. Let t(n) = n**2 + 27*n + 8. Let b be t(-27). Calculate v(b).
-3